{"id":25,"date":"2016-10-08T20:53:31","date_gmt":"2016-10-08T20:53:31","guid":{"rendered":"http:\/\/www.cymaconsultoriadenegocios.com\/?page_id=25"},"modified":"2016-10-13T00:06:46","modified_gmt":"2016-10-13T00:06:46","slug":"finanzas","status":"publish","type":"page","link":"https:\/\/www.cymaconsultoriadenegocios.com\/?page_id=25","title":{"rendered":"FINANZAS"},"content":{"rendered":"<p style=\"text-align: center;\"><span style=\"color: #3366ff;\"><strong>ASESOR\u00cdA Y SERVICIO<\/strong><\/span><\/p>\n<p>Bien sea para crear una empresa, expandir la actividad existente con nuevas l\u00edneas de productos o incrementar la capacidad instalada, nuestra asistencia profesional consiste en la elaboraci\u00f3n y evaluaci\u00f3n del proyecto financiero con objeto de determinar su factibilidad y cuantificar los recursos requeridos, determinando la rentabilidad del proyecto, el plazo de recuperaci\u00f3n de la inversi\u00f3n y la tasa interna de rendimiento.<\/p>\n<p>Nuestros estudios son base para atracci\u00f3n de socios, acreditantes, etc., as\u00ed como soporte para el planteamiento de alianzas estrat\u00e9gicas.<\/p>\n<p><span style=\"text-decoration: underline;\"><strong>Asesor\u00eda a Inversionistas Extranjeros<\/strong><\/span><\/p>\n<p><span style=\"color: #000000;\">La experiencia obtenida a lo largo de nuestra trayectoria profesional, el conocimiento del entorno de negocios en M\u00e9xico, as\u00ed como el ejercicio profesional en materias fiscal y financiera, nos permite asesorar a extranjeros que pretendan establecerse e invertir en M\u00e9xico, o quieran explorar la oportunidad de hacerlo.<\/span><\/p>\n<p><span style=\"text-decoration: underline;\"><strong>Dise\u00f1o y Obtenci\u00f3n de Financiamientos<\/strong><\/span><\/p>\n<p>Si el plan de negocios prev\u00e9 la conveniencia del uso de recursos adicionales a los aportados por socios y a los generados por la empresa, evaluamos la fuente id\u00f3nea para atraerlos, dise\u00f1ando el financiamiento espec\u00edfico seg\u00fan las caracter\u00edsticas de nuestro cliente, destino, plazo, periodo de disposici\u00f3n, amortizaci\u00f3n, garant\u00edas y condiciones.<\/p>\n<p><span style=\"text-decoration: underline;\"><strong>Rescate Financiero de Empresas<\/strong><\/span><\/p>\n<p>En la actualidad gran n\u00famero de empresas endeudadas est\u00e1n en un delicado punto de subsistencia, por contracci\u00f3n del mercado, lo desmedido de sus pasivos, etc. En estos casos, o logran alguna estrategia para salir adelante, o desaparecen.<\/p>\n<p>Nuestra Firma apoya a estas decisiones mediante la elaboraci\u00f3n del proyecto de factibilidad financiera, base para dise\u00f1ar la estrategia de reestructura m\u00e1s adecuada a las posibilidades de la empresa, sus accionistas y acreedores.<\/p>\n<p><span style=\"text-decoration: underline;\"><strong>Valuaci\u00f3n de Empresas<\/strong><\/span><\/p>\n<p>Estudiamos a la empresa en cuesti\u00f3n para basar y determinar su valor, bien sea que nuestro estudio se requiera para fines de su compra o su venta, para atracci\u00f3n de nuevos socios, para fines de herencias y legados, etc.<\/p>\n<p>Formando parte de este estudio, analizamos los impactos fiscales derivados de la operaci\u00f3n pretendida y proponemos el procedimiento m\u00e1s conveniente de realizarla, atentos siempre a las garant\u00edas y seguridades que las partes deben otorgarse, por ello supervisamos los t\u00e9rminos de los contratos respectivos y su adecuada canalizaci\u00f3n fiscal.<\/p>\n<p><span style=\"text-decoration: underline;\"><strong>Elaboraci\u00f3n y Supervisi\u00f3n de Presupuestos de Operaci\u00f3n<\/strong><\/span><\/p>\n<p>Participamos con la empresa, desde la estructuraci\u00f3n de las premisas presupuestales y la formulaci\u00f3n del presupuesto completo en s\u00ed, proporcionando un servicio de asesor\u00eda constante para el an\u00e1lisis y evaluaci\u00f3n de las desviaciones presupuestales, con objeto de prever sus consecuencias y recomendar la toma oportuna de medidas correctivas.<\/p>\n<p>El mantener una frecuente cercan\u00eda con la empresa y sus problem\u00e1ticas, nos permite actuar como efectivos consejeros de negocios.<\/p>\n<p><span style=\"text-decoration: underline;\"><strong>Diagnostico Financiero de Empresas<\/strong><\/span><\/p>\n<p>Mediante un riguroso an\u00e1lisis, evaluamos la tendencia financiera de la empresa y ello nos permite detectar amenazas y oportunidades. De las conclusiones de lo anterior, se fundamenta el sugerir el establecimiento de estrategias de negocios y recomendar la toma oportuna de medidas correctivas.<\/p>\n<p><span style=\"text-decoration: underline;\"><strong>Evaluaci\u00f3n de Pol\u00edticas y Procedimientos de Tesorer\u00eda<\/strong><\/span><\/p>\n<p>Los excesos o deficiencias en el flujo de caja, las cuentas por cobrar o pagar, en los niveles de inventarios, etc., acarrean costos financieros que afectan las utilidades; por ello, previo an\u00e1lisis, recomendamos a nuestros clientes la adecuaci\u00f3n de sus pol\u00edticas comerciales de tesorer\u00eda, de compras y ventas, determinaci\u00f3n de niveles de inventario adecuados, etc., de acuerdo a su giro y ciclo de negocios.<\/p>\n<p><span style=\"text-decoration: underline;\"><strong>Inversiones Patrimoniales<\/strong><\/span><\/p>\n<p>Asesoramos a nuestros clientes en la formaci\u00f3n de portafolios de inversi\u00f3n, acordes a sus objetivos.<\/p>\n<p><span style=\"text-decoration: underline;\"><strong>Recomendaciones Testamentarias<\/strong><\/span><\/p>\n<p>Analizando las particularidades de nuestro cliente, lo asesoramos para la formulaci\u00f3n de sus disposiciones testamentarias.<\/p>\n<p>A albaceas o herederos, los asesoramos en la selecci\u00f3n del procedimiento fiscal id\u00f3neo, para la aplicaci\u00f3n del acervo hereditario.<\/p>\n","protected":false},"excerpt":{"rendered":"<p>ASESOR\u00cdA Y SERVICIO Bien sea para crear una empresa, expandir la actividad existente con nuevas l\u00edneas de productos o incrementar la capacidad instalada, nuestra asistencia profesional consiste en la elaboraci\u00f3n y evaluaci\u00f3n del proyecto financiero con objeto de determinar su factibilidad y cuantificar los recursos requeridos, determinando la rentabilidad del proyecto, el plazo de recuperaci\u00f3n &hellip; <a href=\"https:\/\/www.cymaconsultoriadenegocios.com\/?page_id=25\" class=\"more-link\">Seguir leyendo <span class=\"screen-reader-text\">FINANZAS<\/span> <span class=\"meta-nav\">&rarr;<\/span><\/a><\/p>\n","protected":false},"author":1,"featured_media":44,"parent":0,"menu_order":0,"comment_status":"closed","ping_status":"closed","template":"","meta":{"footnotes":""},"class_list":["post-25","page","type-page","status-publish","has-post-thumbnail","hentry"],"_links":{"self":[{"href":"https:\/\/www.cymaconsultoriadenegocios.com\/index.php?rest_route=\/wp\/v2\/pages\/25","targetHints":{"allow":["GET"]}}],"collection":[{"href":"https:\/\/www.cymaconsultoriadenegocios.com\/index.php?rest_route=\/wp\/v2\/pages"}],"about":[{"href":"https:\/\/www.cymaconsultoriadenegocios.com\/index.php?rest_route=\/wp\/v2\/types\/page"}],"author":[{"embeddable":true,"href":"https:\/\/www.cymaconsultoriadenegocios.com\/index.php?rest_route=\/wp\/v2\/users\/1"}],"replies":[{"embeddable":true,"href":"https:\/\/www.cymaconsultoriadenegocios.com\/index.php?rest_route=%2Fwp%2Fv2%2Fcomments&post=25"}],"version-history":[{"count":6,"href":"https:\/\/www.cymaconsultoriadenegocios.com\/index.php?rest_route=\/wp\/v2\/pages\/25\/revisions"}],"predecessor-version":[{"id":81,"href":"https:\/\/www.cymaconsultoriadenegocios.com\/index.php?rest_route=\/wp\/v2\/pages\/25\/revisions\/81"}],"wp:featuredmedia":[{"embeddable":true,"href":"https:\/\/www.cymaconsultoriadenegocios.com\/index.php?rest_route=\/wp\/v2\/media\/44"}],"wp:attachment":[{"href":"https:\/\/www.cymaconsultoriadenegocios.com\/index.php?rest_route=%2Fwp%2Fv2%2Fmedia&parent=25"}],"curies":[{"name":"wp","href":"https:\/\/api.w.org\/{rel}","templated":true}]}}